{"id":1240,"date":"2024-08-30T16:26:16","date_gmt":"2024-08-30T19:26:16","guid":{"rendered":"https:\/\/www.horvitz.cl\/?page_id=1240"},"modified":"2025-10-18T12:07:56","modified_gmt":"2025-10-18T15:07:56","slug":"galit-nicole-agosin-horvitz","status":"publish","type":"page","link":"https:\/\/www.horvitz.cl\/?page_id=1240","title":{"rendered":"Galit Nicole Agosin Horvitz"},"content":{"rendered":"<div id=\"pl-1240\"  class=\"panel-layout\" ><div id=\"pg-1240-0\"  class=\"panel-grid panel-has-style\" ><div style=\"padding: 100px 0; \" data-overlay=\"true\" data-overlay-color=\"#000000\" class=\"panel-row-style panel-row-style-for-1240-0\" ><div id=\"pgc-1240-0-0\"  class=\"panel-grid-cell\" ><div id=\"panel-1240-0-0-0\" class=\"so-panel widget widget_sow-image panel-first-child panel-last-child\" data-index=\"0\" ><div style=\"text-align: left;\" data-title-color=\"#443f3f\" data-headings-color=\"#443f3f\" class=\"panel-widget-style panel-widget-style-for-1240-0-0-0\" ><div\n\t\t\t\n\t\t\tclass=\"so-widget-sow-image so-widget-sow-image-default-d6014b76747a-1240\"\n\t\t\t\n\t\t>\n\n<div class=\"sow-image-container\">\n\t\t\t<a href=\"https:\/\/www.horvitz.cl\/?page_id=1240\"\n\t\t\t\t\t>\n\t\t\t<img src=\"https:\/\/www.horvitz.cl\/wp-content\/uploads\/2024\/11\/Galit-Agosin-Horvitz-Abogados.jpg\" width=\"600\" height=\"600\" srcset=\"https:\/\/www.horvitz.cl\/wp-content\/uploads\/2024\/11\/Galit-Agosin-Horvitz-Abogados.jpg 600w, https:\/\/www.horvitz.cl\/wp-content\/uploads\/2024\/11\/Galit-Agosin-Horvitz-Abogados-300x300.jpg 300w, https:\/\/www.horvitz.cl\/wp-content\/uploads\/2024\/11\/Galit-Agosin-Horvitz-Abogados-150x150.jpg 150w, https:\/\/www.horvitz.cl\/wp-content\/uploads\/2024\/11\/Galit-Agosin-Horvitz-Abogados-230x230.jpg 230w, https:\/\/www.horvitz.cl\/wp-content\/uploads\/2024\/11\/Galit-Agosin-Horvitz-Abogados-350x350.jpg 350w, https:\/\/www.horvitz.cl\/wp-content\/uploads\/2024\/11\/Galit-Agosin-Horvitz-Abogados-480x480.jpg 480w\" sizes=\"(max-width: 600px) 100vw, 600px\" alt=\"\" loading=\"lazy\" \t\tclass=\"so-widget-image\"\/>\n\t<\/a><\/div>\n\n<\/div><\/div><\/div><\/div><div id=\"pgc-1240-0-1\"  class=\"panel-grid-cell\" ><div id=\"panel-1240-0-1-0\" class=\"so-panel widget widget_sow-editor panel-first-child\" data-index=\"1\" ><div style=\"text-align: left;\" data-title-color=\"#443f3f\" data-headings-color=\"#443f3f\" class=\"panel-widget-style panel-widget-style-for-1240-0-1-0\" ><div\n\t\t\t\n\t\t\tclass=\"so-widget-sow-editor so-widget-sow-editor-base\"\n\t\t\t\n\t\t>\n<div class=\"siteorigin-widget-tinymce textwidget\">\n\t<h4>GALIT NICOLE AGOSIN HORVITZ<\/h4>\n<p>Abogada. Licenciada en Derecho de la Universidad de Chile con distinci\u00f3n m\u00e1xima<\/p>\n<p>Anteriormente se desempe\u00f1\u00f3 como abogada asociada del \u00e1rea de insolvencia y emprendimiento y el \u00e1rea judicial de Barros y Errazuriz (2023-2024), procuradora en Aninat Schwene y C\u00eda Ltda. (2018), Bofill Mir \u00c1lvarez Jana (2019), Albagli y Zaliasnik (2020). Adem\u00e1s de haber realizado su pr\u00e1ctica profesional en la Defensor\u00eda Penal P\u00fablica en la Unidad de Estudios.<\/p>\n<p>Actualmente se encuentra cursando el Diplomado de Derecho de Familia del Instituto de Estudios Judiciales<\/p>\n<p>Su \u00e1rea de pr\u00e1ctica est\u00e1 enfocada en litigaci\u00f3n en derecho de familia e infancia y adolescencia, as\u00ed como tambi\u00e9n en derecho civil y procesos de insolvencia y reemprendimiento.<\/p>\n<p>Idiomas: Ingl\u00e9s (avanzado) y franc\u00e9s (intermedio).<\/p>\n<\/div>\n<\/div><\/div><\/div><div id=\"panel-1240-0-1-1\" class=\"so-panel widget widget_sow-button panel-last-child\" data-index=\"2\" ><div style=\"text-align: left;\" data-title-color=\"#443f3f\" data-headings-color=\"#443f3f\" class=\"panel-widget-style panel-widget-style-for-1240-0-1-1\" ><div\n\t\t\t\n\t\t\tclass=\"so-widget-sow-button so-widget-sow-button-wire-205c024dd60d-1240\"\n\t\t\t\n\t\t><div class=\"ow-button-base ow-button-align-left\">\n\t<a href=\"https:\/\/www.horvitz.cl\/\" class=\"ow-icon-placement-left ow-button-hover\" \t\t>\n\t\t<span>\n\t\t\t\n\t\t\tVOLVER A LA P\u00c1GINA DE INICIO\t\t<\/span>\n\t<\/a>\n<\/div>\n<\/div><\/div><\/div><\/div><\/div><\/div><\/div>","protected":false},"excerpt":{"rendered":"<p>GALIT NICOLE AGOSIN HORVITZ Abogada. Licenciada en Derecho de la Universidad de [&hellip;]<\/p>\n","protected":false},"author":4,"featured_media":1271,"parent":0,"menu_order":0,"comment_status":"closed","ping_status":"closed","template":"page-templates\/page_front-page.php","meta":[],"_links":{"self":[{"href":"https:\/\/www.horvitz.cl\/index.php?rest_route=\/wp\/v2\/pages\/1240"}],"collection":[{"href":"https:\/\/www.horvitz.cl\/index.php?rest_route=\/wp\/v2\/pages"}],"about":[{"href":"https:\/\/www.horvitz.cl\/index.php?rest_route=\/wp\/v2\/types\/page"}],"author":[{"embeddable":true,"href":"https:\/\/www.horvitz.cl\/index.php?rest_route=\/wp\/v2\/users\/4"}],"replies":[{"embeddable":true,"href":"https:\/\/www.horvitz.cl\/index.php?rest_route=%2Fwp%2Fv2%2Fcomments&post=1240"}],"version-history":[{"count":6,"href":"https:\/\/www.horvitz.cl\/index.php?rest_route=\/wp\/v2\/pages\/1240\/revisions"}],"predecessor-version":[{"id":1404,"href":"https:\/\/www.horvitz.cl\/index.php?rest_route=\/wp\/v2\/pages\/1240\/revisions\/1404"}],"wp:featuredmedia":[{"embeddable":true,"href":"https:\/\/www.horvitz.cl\/index.php?rest_route=\/wp\/v2\/media\/1271"}],"wp:attachment":[{"href":"https:\/\/www.horvitz.cl\/index.php?rest_route=%2Fwp%2Fv2%2Fmedia&parent=1240"}],"curies":[{"name":"wp","href":"https:\/\/api.w.org\/{rel}","templated":true}]}}