{"id":1334,"date":"2025-05-01T12:41:18","date_gmt":"2025-05-01T15:41:18","guid":{"rendered":"https:\/\/www.horvitz.cl\/?page_id=1334"},"modified":"2025-05-01T12:41:19","modified_gmt":"2025-05-01T15:41:19","slug":"maria-elisa-valenzuela-beheran","status":"publish","type":"page","link":"https:\/\/www.horvitz.cl\/?page_id=1334","title":{"rendered":"Mar\u00eda Elisa Valenzuela Beheran"},"content":{"rendered":"<div id=\"pl-gb1334-69e5e4b0cc3e5\"  class=\"panel-layout\" ><div id=\"pg-gb1334-69e5e4b0cc3e5-0\"  class=\"panel-grid panel-has-style\" ><div style=\"padding: 100px 0; \" data-overlay=\"true\" data-overlay-color=\"#000000\" class=\"panel-row-style panel-row-style-for-gb1334-69e5e4b0cc3e5-0\" ><div id=\"pgc-gb1334-69e5e4b0cc3e5-0-0\"  class=\"panel-grid-cell\" ><div id=\"panel-gb1334-69e5e4b0cc3e5-0-0-0\" class=\"so-panel widget widget_sow-image panel-first-child panel-last-child\" data-index=\"0\" ><div style=\"text-align: left;\" data-title-color=\"#443f3f\" data-headings-color=\"#443f3f\" class=\"panel-widget-style panel-widget-style-for-gb1334-69e5e4b0cc3e5-0-0-0\" ><div\n\t\t\t\n\t\t\tclass=\"so-widget-sow-image so-widget-sow-image-default-d6014b76747a-1334\"\n\t\t\t\n\t\t>\n\n<div class=\"sow-image-container\">\n\t\t<img src=\"https:\/\/www.horvitz.cl\/wp-content\/uploads\/2025\/05\/Maria-Elisa-Valenzuela-Beheran-min-scaled.jpg\" width=\"2560\" height=\"2560\" srcset=\"https:\/\/www.horvitz.cl\/wp-content\/uploads\/2025\/05\/Maria-Elisa-Valenzuela-Beheran-min-scaled.jpg 2560w, https:\/\/www.horvitz.cl\/wp-content\/uploads\/2025\/05\/Maria-Elisa-Valenzuela-Beheran-min-300x300.jpg 300w, https:\/\/www.horvitz.cl\/wp-content\/uploads\/2025\/05\/Maria-Elisa-Valenzuela-Beheran-min-1024x1024.jpg 1024w, https:\/\/www.horvitz.cl\/wp-content\/uploads\/2025\/05\/Maria-Elisa-Valenzuela-Beheran-min-150x150.jpg 150w, https:\/\/www.horvitz.cl\/wp-content\/uploads\/2025\/05\/Maria-Elisa-Valenzuela-Beheran-min-768x768.jpg 768w, https:\/\/www.horvitz.cl\/wp-content\/uploads\/2025\/05\/Maria-Elisa-Valenzuela-Beheran-min-1536x1536.jpg 1536w, https:\/\/www.horvitz.cl\/wp-content\/uploads\/2025\/05\/Maria-Elisa-Valenzuela-Beheran-min-2048x2048.jpg 2048w, https:\/\/www.horvitz.cl\/wp-content\/uploads\/2025\/05\/Maria-Elisa-Valenzuela-Beheran-min-920x920.jpg 920w, https:\/\/www.horvitz.cl\/wp-content\/uploads\/2025\/05\/Maria-Elisa-Valenzuela-Beheran-min-230x230.jpg 230w, https:\/\/www.horvitz.cl\/wp-content\/uploads\/2025\/05\/Maria-Elisa-Valenzuela-Beheran-min-350x350.jpg 350w, https:\/\/www.horvitz.cl\/wp-content\/uploads\/2025\/05\/Maria-Elisa-Valenzuela-Beheran-min-480x480.jpg 480w\" sizes=\"(max-width: 2560px) 100vw, 2560px\" alt=\"\" loading=\"lazy\" \t\tclass=\"so-widget-image\"\/>\n\t<\/div>\n\n<\/div><\/div><\/div><\/div><div id=\"pgc-gb1334-69e5e4b0cc3e5-0-1\"  class=\"panel-grid-cell\" ><div id=\"panel-gb1334-69e5e4b0cc3e5-0-1-0\" class=\"so-panel widget widget_sow-editor panel-first-child\" data-index=\"1\" ><div style=\"text-align: left;\" data-title-color=\"#443f3f\" data-headings-color=\"#443f3f\" class=\"panel-widget-style panel-widget-style-for-gb1334-69e5e4b0cc3e5-0-1-0\" ><div\n\t\t\t\n\t\t\tclass=\"so-widget-sow-editor so-widget-sow-editor-base\"\n\t\t\t\n\t\t>\n<div class=\"siteorigin-widget-tinymce textwidget\">\n\t<h4>MARIA ELISA VALENZUELA BEHERAN<\/h4>\n<p>Licenciada en Ciencias Jur\u00eddicas, con distinci\u00f3n, de la Universidad de los Andes (2024).<\/p>\n<p>Cuenta con menci\u00f3n en Derechos Humanos, otorgada por la facultad de Derecho, y Minor en Discapacidad e Inclusi\u00f3n conferido por la Escuela de Terapia Ocupacional. Durante sus a\u00f1os de formaci\u00f3n, se desempe\u00f1\u00f3 como Ayudante de Derecho Natural I y II (2022-2024).<\/p>\n<p>Se desempe\u00f1\u00f3 como procuradora en AHMM, Artigas Huidobro Molina Mosqueira Abogados (2022-2023), en las \u00e1reas judicial, corporativo e inmobiliario.<\/p>\n<p>Actualmente, ejerce como procuradora en el \u00e1rea de Familia en Horvitz y C\u00eda.<\/p>\n<p>Sus \u00e1reas de pr\u00e1ctica se enfocan en Derecho de Familia e Infancia y Adolescencia, as\u00ed como tambi\u00e9n en Derecho Civil.<\/p>\n<\/div>\n<\/div><\/div><\/div><div id=\"panel-gb1334-69e5e4b0cc3e5-0-1-1\" class=\"so-panel widget widget_sow-button panel-last-child\" data-index=\"2\" ><div style=\"text-align: left;\" data-title-color=\"#443f3f\" data-headings-color=\"#443f3f\" class=\"panel-widget-style panel-widget-style-for-gb1334-69e5e4b0cc3e5-0-1-1\" ><div\n\t\t\t\n\t\t\tclass=\"so-widget-sow-button so-widget-sow-button-wire-205c024dd60d-1334\"\n\t\t\t\n\t\t><div class=\"ow-button-base ow-button-align-left\">\n\t<a href=\"https:\/\/www.horvitz.cl\/\" class=\"ow-icon-placement-top ow-button-hover\" \t\t>\n\t\t<span>\n\t\t\t\n\t\t\tVOLVER A LA P\u00c1GINA DE INICIO\t\t<\/span>\n\t<\/a>\n<\/div>\n<\/div><\/div><\/div><\/div><\/div><\/div><\/div>","protected":false},"excerpt":{"rendered":"<p>MARIA ELISA VALENZUELA BEHERAN Licenciada en Ciencias Jur\u00eddicas, con distinci\u00f3n, de la [&hellip;]<\/p>\n","protected":false},"author":4,"featured_media":0,"parent":0,"menu_order":0,"comment_status":"closed","ping_status":"closed","template":"page-templates\/page_front-page.php","meta":[],"_links":{"self":[{"href":"https:\/\/www.horvitz.cl\/index.php?rest_route=\/wp\/v2\/pages\/1334"}],"collection":[{"href":"https:\/\/www.horvitz.cl\/index.php?rest_route=\/wp\/v2\/pages"}],"about":[{"href":"https:\/\/www.horvitz.cl\/index.php?rest_route=\/wp\/v2\/types\/page"}],"author":[{"embeddable":true,"href":"https:\/\/www.horvitz.cl\/index.php?rest_route=\/wp\/v2\/users\/4"}],"replies":[{"embeddable":true,"href":"https:\/\/www.horvitz.cl\/index.php?rest_route=%2Fwp%2Fv2%2Fcomments&post=1334"}],"version-history":[{"count":2,"href":"https:\/\/www.horvitz.cl\/index.php?rest_route=\/wp\/v2\/pages\/1334\/revisions"}],"predecessor-version":[{"id":1337,"href":"https:\/\/www.horvitz.cl\/index.php?rest_route=\/wp\/v2\/pages\/1334\/revisions\/1337"}],"wp:attachment":[{"href":"https:\/\/www.horvitz.cl\/index.php?rest_route=%2Fwp%2Fv2%2Fmedia&parent=1334"}],"curies":[{"name":"wp","href":"https:\/\/api.w.org\/{rel}","templated":true}]}}